f r(w)?
1
Let u(o) = 3*o - 6. Let h be u(3). Let d = 0 + h. Suppose -d*r - 5*f = -83, 3*r + r - 96 = -3*f. What is the tens digit of r?
2
Suppose 2*c - 71 = -v, 0 = -2*c + 3*v + 23 + 68. Let g = 62 - c. What is the tens digit of g?
2
Let t(b) = 3*b + 9. Let h be t(-3). Let v be 2 - (h/(-1) - 3). Suppose 3*w + 37 = 4*w - v*k, -5*w + k = -281. What is the tens digit of w?
5
Let p = 9 + -7. Suppose -p*t + 5*m = -152, 4*t - 3*m = t + 237. What is the units digit of t?
1
Let t(l) be the first derivative of -7 - 3/2*l**2 + 2*l**3 + l + 1/2*l**4. What is the units digit of t(-3)?
0
Let g = -86 + 44. Let o = 121 + g. What is the units digit of o?
9
What is the hundreds digit of 6*3/(-45) - (-4794)/10?
4
Let k = -35 + 37. What is the units digit of -3 - 23/(-2)*k?
0
Let k(w) = 587*w - 1051. What is the thousands digit of k(7)?
3
Suppose f = -2*f + 2*c + 10, 0 = -3*f - c + 22. Suppose 5*b - 34 - f = 0. Let i(k) = k**2 - 4*k - 4. What is the units digit of i(b)?
8
Let k be (8/(-3))/(3/(-153)). Suppose n + 2*a = 40, -2*n = n + 2*a - k. What is the units digit of n?
8
Suppose 68*t + 27*t - 119415 = 0. What is the thousands digit of t?
1
Let a = -148 - -280. Let m = a - -58. What is the hundreds digit of m?
1
Suppose -4*m = -7*m - 162. Let k = 120 + m. Let r = -40 + k. What is the units digit of r?
6
Let t(v) = -v**2 + 11*v + 5. Let q = -11 - -14. Let x be (8/q)/((-3)/(-9)). What is the units digit of t(x)?
9
Suppose 7*z = 1337 + 3920. What is the hundreds digit of z?
7
Let u(a) = a**2 + 3*a - 4. Let i be u(-6). Suppose 5*n = -51 - i. What is the units digit of (-149)/(-2) - n/(-26)?
4
Suppose 26*i + 109 = 7337. What is the units digit of i?
8
Suppose -3382 - 2918 = -14*p. What is the tens digit of p?
5
Let o be 6/((20/14)/5*7). Suppose 5*h + 210 = 2*q + o*h, -q + 104 = -2*h. What is the tens digit of q?
0
Suppose 2*g - 1 = 6*q - 3*q, 3*g - 4*q - 2 = 0. Suppose 164 = 3*s + 5*l, g*s + l + 4 - 118 = 0. What is the tens digit of s?
5
Let j(y) = 2*y + 6. Let t be j(-3). Suppose -2*p - 3*p - 15 = t, 60 = 3*q - 4*p. What is the tens digit of q?
1
Let j(y) be the first derivative of -3*y**2 + 9*y - 7. What is the tens digit of j(-3)?
2
Let k(z) = 2*z**3 + 10*z**2 - z + 3. Let j(t) = 3*t**3 + 19*t**2 - 3*t + 7. Let d(n) = 3*j(n) - 5*k(n). What is the units digit of d(6)?
8
Let y(h) = -h**2 - 2*h + 5. Let r be y(0). Let q(p) be the first derivative of -p**3/3 + 7*p**2/2 - 3*p + 1. What is the units digit of q(r)?
7
Let w be (2 - 5714/10) + (-9)/15. What is the units digit of -1 + 7 - 2 - w/5?
8
Let k(s) = 26*s**3 + s**2 - 1. Let t be k(1). Let y be 14 + 3/(-3)*1. Let c = t - y. What is the units digit of c?
3
Suppose -2*n + 5 = 5*l, 2*l - 3*l = 5*n - 24. Let j(p) = 50*p**2 + 1. What is the tens digit of j(l)?
5
Let b(c) = c - 9. Let s be b(6). Let z be (-2 - s - 0)*1. What is the units digit of (-20)/(-5) - (-39 + z)?
2
Suppose 2*z - 1520 = -4*a, 0*a - 2274 = -3*z - 3*a. What is the units digit of z?
6
Let i(b) = b + 5. Let h = 157 + -125. What is the tens digit of i(h)?
3
Let k(h) = 6*h + 8. Let z be k(7). Let y = z - 8. What is the units digit of y?
2
Suppose -546*t + 536*t + 36560 = 0. What is the units digit of t?
6
Suppose 2*y + 5*j - 15 = 0, 5*y = y + 4*j - 12. Suppose -3*o + o + 6 = y. Suppose 0*a + 120 = o*a. What is the tens digit of a?
4
Let r(u) be the second derivative of -17*u**3/3 - u**2/2 - u. What is the tens digit of r(-1)?
3
Let c(j) = 3*j**3 + 13*j**2 + j + 50. Let t(h) = -h**3 - 4*h**2 - 17. Let z(f) = 6*c(f) + 17*t(f). What is the units digit of z(-9)?
8
Let t(i) = i**2 + 2*i + 1. Let n = 0 - 3. Let l be t(n). Suppose -13 = -l*o - 1. What is the units digit of o?
3
Let w(f) = -f - 1. Let r be (3 - (3 + -1)) + -3. Let v be w(r). Suppose -2*c + v = -41. What is the tens digit of c?
2
Let m(i) = -i**2 - 6*i + 1. Let x be m(-6). Let q be 674/8 - x/4. Suppose -d - q = -4*d. What is the tens digit of d?
2
Let j be ((-1148)/(-84))/(2/6). Suppose -3*v - 21 = -2*y, 5*y - 3*v - j = -7*v. What is the units digit of y?
9
Let t = -9 + 12. Suppose -68 = -t*f - f. What is the units digit of f?
7
Let g be 27/(-45) + 263/5. Let u = -37 + g. Let i = -7 + u. What is the units digit of i?
8
Let r(s) = -761*s**3 - s**2 + 3*s + 3. Let q be r(-1). Suppose 3*j + x - q = 0, 3*x - 577 - 428 = -4*j. What is the tens digit of j?
5
Let m = -54 - -581. Let t = 798 - m. What is the tens digit of t?
7
Suppose -17*y = -28*y + 8580. What is the units digit of y?
0
Suppose -5*j - j = 0. Suppose 4*d + u = j, 2*d - 5*u = 7*d. Suppose -25 = -v - d*v. What is the tens digit of v?
2
Suppose 19*h - 19000 = 30799. What is the hundreds digit of h?
6
Let n = -6 + 11. Let d be (-3)/15 + 116/n. Suppose -d = 4*t - 99. What is the tens digit of t?
1
Suppose 2*d + 4 = 4*k, -2 = -5*d - k - 1. Suppose d = 5*j - m - 93, 0 = 5*j - 2*m - 3*m - 85. What is the units digit of j?
9
Let i = 14 + -6. Let n = 12 - i. Let k = n - -11. What is the units digit of k?
5
Let n(l) = -38*l + 504. What is the hundreds digit of n(8)?
2
Suppose -51 = 5*z - 66. What is the tens digit of (z - 64/20) + (-732)/(-10)?
7
Let d = -696 + 175. Let z = d - -809. Suppose -2*b - 6*b + z = 0. What is the tens digit of b?
3
Let n(p) = p**2 - 6. Let u be n(-4). Let k be u/10 + (-22)/(-2). What is the units digit of ((-18)/k)/((-6)/88)?
2
What is the hundreds digit of (-2*(-7 + -463))/(1 + 1)?
4
Suppose 2*v - 989 - 3153 = -4*z, -3 = v. What is the units digit of z?
7
Let h(o) = 123*o + 66. What is the units digit of h(3)?
5
Suppose -729 = 7*f - 6602. What is the hundreds digit of f?
8
Let f = -187 + 1039. What is the tens digit of f?
5
Let j = -781 + 1472. What is the hundreds digit of j?
6
Suppose -526 = -7*z + 188. Suppose -z = -2*f - 2*k, 5*k + 101 = -4*f + 308. Suppose 11 = n - f. What is the tens digit of n?
5
Let d(l) = l**3 + 5*l**2 - 4*l - 5. What is the hundreds digit of d(4)?
1
Let y = 276 - 274. Suppose 0*p = 2*p - 56. Suppose 38 = 4*f - y*d, 0*d + 2*d - p = -2*f. What is the tens digit of f?
1
Let n = -1056 - -4321. What is the units digit of n?
5
Suppose -3455 + 9711 = 23*p. What is the units digit of p?
2
What is the tens digit of (-1680)/(-18) - ((-35)/(-15))/7?
9
Let t be (-606)/(-10) + 72/(-20) + 3. Suppose -n - 5*p = -t, -n + 9 = -5*p - 51. What is the units digit of n?
0
Let u(a) = -2*a + 105. Let c be (-2 + 2)/(-4*4/(-16)). What is the tens digit of u(c)?
0
Let x(p) be the third derivative of p**5/30 - p**4/24 - p**3/6 + 7*p**2. What is the units digit of x(6)?
5
Let p(b) = -2*b**2 + 5*b + 2. Let g be p(2). Let j(m) = 5*m. What is the tens digit of j(g)?
2
Let j(b) = -6*b**3 + 2*b**2 - 5*b - 10. What is the tens digit of j(-3)?
8
Suppose -4*m - 994 = -11*y + 10*y, 4*m = -5*y + 5042. What is the thousands digit of y?
1
Let b = -611 - -970. Let y = b + -205. What is the tens digit of y?
5
What is the hundreds digit of (-23115)/(-46)*4/3?
6
Let p be 2665/15 - 4/6. Suppose 2*q - 3*d - p = 0, 0 = 3*d - 8 - 7. What is the units digit of q?
6
Let x = -719 + 857. What is the hundreds digit of x?
1
Suppose -1647 = -2*o - o. What is the units digit of o?
9
Let r = 251 - 90. Let n = r - 56. What is the tens digit of n?
0
Let y(c) = c**2 - 5*c - 19. Let f be y(8). Suppose -31 = -f*q + 9. What is the units digit of q?
8
Suppose 6853 = -21*c + 32*c. What is the units digit of c?
3
Let o(m) = m**3 - 9*m**2 - 15*m + 11. Suppose 16 = -2*c - 2*c, -c = 2*j - 18. What is the tens digit of o(j)?
8
Let m be (-810)/(-42) - (-4)/(-14). Let p(n) = 2*n**2 - 28*n + 20. What is the hundreds digit of p(m)?
2
Suppose r + 8 + 5 = 4*w, -r = 2*w - 5. Suppose 4*i = 5*q + 2 - 3, -w*q = -3*i. What is the tens digit of (5/(-5))/(q/(-38))?
3
Let i = 31 - 19. Let z be (-466)/(-14) + i/(-42). Suppose -s = -0*s - z. What is the tens digit of s?
3
Let f(v) = v**2 - 2*v - 3. Let l be f(-9). Suppose d = -2*d + l. Suppose 0*j + 82 = 5*r + j, -r + d = -5*j. What is the units digit of r?
7
Suppose 3*k = 8 - 2. Suppose -k = -3*t + 2*t. What is the tens digit of -1 - (-3 - (t + 6))?
1
Suppose 3*d - 18 = v + 2*v, -3*d - 2*v - 2 = 0. Suppose 4*k + 4*t = 36, -5*t + 0*t = -d*k + 53. What is the units digit of k?
4
Suppose 67*g - 64*g + 72 = 0. What is the units digit of 6/g + 3/12*341?
5
Let b be 10 + (1/1 - 4). Suppose -j + b = -p, -2*j + 0*j = -5*p - 23. W